
Suppose 51 = i + 2*i. Let n = 725 - 390. What is the remainder when (1*3)/(15/n) is divided by i?
16
Let p = -25 + 67. Let a = -763 + 772. Calculate the remainder when p is divided by a.
6
Let y = 93 - 65. Suppose 3*b = b - 8, 5*v - 2*b - y = 0. Let i = -13 + 27. What is the remainder when i is divided by v?
2
What is the remainder when 125 is divided by (-1 - 1) + 85 + 9 + -3?
36
Let m(o) = 2*o**2 + 13*o + 2. Let v be m(-6). Let c be (-6)/v*30/9. Suppose -9 = -j + t + 3*t, 3*j - c*t = 27. What is the remainder when j is divided by 2?
1
Let b = 93 - 57. Let l be 1/(-1 + (-56)/(-57)). Calculate the remainder when b is divided by (-1 - 0)/(3/l).
17
Let q be 1 - (0 + 0) - 6. Suppose -24 = -i - 2*i. What is the remainder when (-4)/q*70/4 is divided by i?
6
Let c(k) be the third derivative of k**6/120 + k**5/10 - 3*k**4/8 - k**3/6 + 7*k**2. Calculate the remainder when c(-7) is divided by 7.
6
Suppose -3*s + 3*k - 11 = -29, 2*k = -4*s. Suppose -5*t = 5*y - 610, -s*t - y + 5*y + 220 = 0. What is the remainder when t is divided by 20?
18
Let c(n) = 2*n**2 + 6*n - 67. Calculate the remainder when c(12) is divided by 27.
23
Let v(s) = s - 1. Let o(b) = 13*b + 44. Let d(w) = -o(w) + 5*v(w). Calculate the remainder when d(-16) is divided by 21.
16
Let v be 10/(-6)*(-126)/35. Suppose -5*k = -v*k + 10. Calculate the remainder when 35 is divided by k.
5
Let s(g) = g**2 + g - 5. Suppose -16 = 3*x - 5*x. Suppose 8 = 4*o - 3*t - 28, 4*o + 4*t - x = 0. Calculate the remainder when s(o) is divided by 19.
18
Let p(x) = x**2 + 9*x + 11. Let o be p(-9). Let r be (-4)/(-6) + 183/9. Let a = r - o. Calculate the remainder when 28 is divided by a.
8
Let v = 258 + -260. Let n(y) = 27*y + 1. Let i(g) = -81*g - 4. Let s(x) = -2*i(x) - 7*n(x). Calculate the remainder when s(v) is divided by 29.
26
Calculate the remainder when (-14 - -8)/(27/(-1197)) is divided by 106.
54
Calculate the remainder when (-7 - 1664/56)*-7 is divided by 66.
59
Let f be 4/(-12) - 39/(-9). Let s be 16/6*6/f. Suppose s*d + d - 5 = 0. What is the remainder when 1 is divided by d?
0
Suppose -3*g + 3*u = -1035, -u + 1040 = 3*g + u. Calculate the remainder when g is divided by 110.
16
Suppose 5*k - d - d = 0, 4*d = k. Suppose 7*m + k - 14 = 0. What is the remainder when 171*(m - (-10)/(-6)) is divided by 29?
28
Let v be (-6)/24 - (-477)/4. Suppose 5*b + 2*b - v = 0. Suppose 2*u - 4*u + 64 = 0. Calculate the remainder when u is divided by b.
15
Suppose h - 4 = 5*k + 55, 0 = 5*h - 5*k - 235. What is the remainder when h is divided by 17?
10
Let k(u) = -3*u**2 - 5*u**2 + 6*u + 3 + 5*u**2 + 2*u**2. Let x be k(6). Calculate the remainder when 3/(x + 21/(-8)) is divided by 5.
3
Let l = -34 - -56. What is the remainder when 80 is divided by l?
14
Let m(i) = -62*i - 1. Let k be m(-1). Suppose -k = -3*x - 43. What is the remainder when x is divided by 5?
1
Suppose -2*t - t + 35 = 5*n, 3*t + 3*n - 33 = 0. Let g be ((-52)/t)/((-5)/25). Suppose g + 31 = 3*f. Calculate the remainder when f is divided by 7.
5
Let o(h) = 113*h - 926. What is the remainder when 174 is divided by o(9)?
83
Suppose -2*s + 122 = -4*y + 62, s - 3*y - 29 = 0. What is the remainder when 101 is divided by s?
5
Suppose -1055 = -5*c + 2*d, -8*c - 416 = -10*c + 2*d. What is the remainder when c is divided by 21?
3
What is the remainder when 214 is divided by (-9)/(54/(-12)) - -10?
10
Let t be (-4)/14 + (1455/21 - 0). Suppose -2*r + 381 + t = 0. Calculate the remainder when r is divided by 57.
54
Let s = 25 + -11. Suppose 0 = -3*z + 53 + 1. Let d = z - 13. Calculate the remainder when s is divided by d.
4
Let l(s) = 257*s - 257. What is the remainder when l(4) is divided by 9?
6
Let q(y) = -y**2 + 10*y - 5. What is the remainder when 57 is divided by q(7)?
9
Suppose 0 = v - 10*u + 8*u - 2, -5*v + 5*u + 10 = 0. Let q(i) = -i - 4*i + 9*i**2 + 4*i - 2. Calculate the remainder when q(v) is divided by 11.
10
Let i = -7 + 14. What is the remainder when ((-720)/105)/(-16) + 736/14 is divided by (-5 - i)/((-2)/3)?
17
Let w = -2225 + 2243. Calculate the remainder when 68/(-10)*-1*5 is divided by w.
16
Calculate the remainder when 208 is divided by (-7)/(5/(-25)*(1 - 0)).
33
Let v(n) = -36*n - 2. Let f be v(-2). Suppose 6*c = f + 14. Let m(i) = 19*i - 13. What is the remainder when m(5) is divided by c?
12
Let s = 67 - 32. Calculate the remainder when s is divided by 14.
7
What is the remainder when -257*11*(-5)/5 is divided by 101?
100
Suppose -5 = -4*t + 3*t, 0 = 5*y - 3*t - 395. Let f = -9 - 5. Let i = 7 - f. What is the remainder when y is divided by i?
19
Let w be -2*(3 + 0)/(-3). Suppose -12*i = -18 - 18. Suppose -i*p = -w*t + 6, -p = 5*t + 4*p - 65. Calculate the remainder when 25 is divided by t.
7
Suppose 0*o - 1 = o. Let t be o + 10 + (-5 - -6). Let l = t + 9. What is the remainder when l is divided by 10?
9
Let x = 289 + -100. Suppose 0 = -5*l - 3*w + 2*w + 315, -3*l + w + x = 0. Suppose 16 + 32 = 3*k. What is the remainder when l is divided by k?
15
Suppose -40 + 16 = -2*l. Let u be 6/8 - (-858)/8. Suppose 3*b + u = 249. Calculate the remainder when b is divided by l.
11
Let f(x) = x**3 + 9*x**2 + 5*x - 6. Let j be f(-6). Let r = j + 38. What is the remainder when (-18)/(-4)*r/33 is divided by 6?
3
Let i = -12 - -14. Suppose i*q = q. Suppose 5*m - 288 = -5*z - 63, 4*m - 2*z - 150 = q. What is the remainder when m is divided by 14?
12
Suppose -12 = 4*o, -10 = -z - 0*z + o. Let u(j) = j**3 - 6*j**2 + j - 3. Let f be u(6). What is the remainder when z is divided by 1*(f + (2 - 1))?
3
Let t be (-30)/9*(-612)/30. Let y = t + -34. What is the remainder when y is divided by 19?
15
Let d(v) = -461*v**3 + v**2 + 7*v + 6. Calculate the remainder when d(-1) is divided by 14.
13
Suppose 125*m - 217 = 118*m. What is the remainder when (-4)/(-6) + (-350)/(-6) is divided by m?
28
Suppose 7*c = 2*c + 10. Let w(m) = -m**3 + 4*m**2 - m. Let s be w(c). Suppose 0 = 7*f - s*f - 49. Calculate the remainder when f is divided by 17.
15
Suppose -2*i + w + 39 = 0, -259*i + 15 = -258*i - 2*w. Suppose h + 17 = 58. Calculate the remainder when h is divided by i.
20
Suppose -394 + 1882 = 31*n. What is the remainder when n is divided by 22?
4
Suppose -2*x + 0*x + 112 = -2*m, 4*x + 4*m = 192. Let f(y) = 46*y - x*y + y**3 - 6*y**2 - 2*y**3 + 3. Calculate the remainder when 22 is divided by f(-5).
6
Suppose -3*m - r + 9 = 0, 0 = -5*m - 3*r + 5*r + 26. Suppose 3*n - 22 = -3*p + n, 18 = m*p - 3*n. What is the remainder when 21 is divided by p?
3
Suppose 2 + 2 = -2*a. Suppose 5*f - 10 = 3*f, -4*r - 4*f + 280 = 0. Calculate the remainder when r is divided by (-1 - a)/(3/33).
10
Let n(q) = 2*q - 6. Let j be n(5). Suppose -5*p = j*o - 145, 1 = -2*p + 11. What is the remainder when o is divided by 8?
6
Let i = 1448 + -1415. Calculate the remainder when 161 is divided by i.
29
Let k(g) = g**2 - 16*g + 92. Calculate the remainder when 149 is divided by k(6).
21
Let l(a) = a**2 - a - 2. Let r be l(2). Let u(h) be the second derivative of -h**3/6 + 15*h**2/2 - 7*h. What is the remainder when 43 is divided by u(r)?
13
Suppose 0*b - 1 = -x - 2*b, 0 = -5*x + b - 17. What is the remainder when (-90 + -3)/x + (-3)/(-1) is divided by 11 + 2/(-3)*3?
7
Suppose 5*s - 3*i = -i + 10, -4*i + 8 = -3*s. Suppose s = -4*z, -4*z + 84 = -k - 0*z. Let a = -50 - k. What is the remainder when a is divided by 21?
17
Suppose 3*r + 2*r - 73 = -4*m, 0 = 5*m - 3*r - 82. Let g = m - 22. What is the remainder when g*1*5/(-5) is divided by 4?
1
Let f(l) = -l**2 + 14*l + 17. Let h be f(11). Suppose -46 = -8*u + h. Suppose r + q = 27 - 1, -r + 6 = -4*q. Calculate the remainder when r is divided by u.
10
Let p(t) = 73*t - 48. What is the remainder when p(2) is divided by 10?
8
Suppose -2*n + 10 = 0, -7*z + 4*n + 100 = -2*z. Let c = 13 + z. What is the remainder when c is divided by 13?
11
Let g(q) = 6*q**3 - q**2 - 2*q - 1. Let r be g(-1). Calculate the remainder when -4 + 57 + 3/3 is divided by 246/18 - 2/r.
12
Suppose 6*x - 7*x + 68 = 0. What is the remainder when x is divided by 32?
4
Suppose -15 = -4*y + y. Suppose i = -4*s + 1, -3*s = -2*i + 2*s + 41. Calculate the remainder when i is divided by y.
3
Let j = -1638 + 1647. Calculate the remainder when 55 is divided by j.
1
Suppose 80 = -5*v + 425. Calculate th